(-13).
-2
Let x(g) be the second derivative of g**3/6 + g**2 - g. Suppose -122*o = -120*o + 4*r + 18, -15 = 2*o + r. Let b be 5 + o + 7 + -6. Determine x(b).
1
Let h(k) = 2*k - k - 6*k + 4*k. Let p(a) = -7*a - 41. Let x be p(-16). Let y = x + -69. Determine h(y).
-2
Let q(w) = 2*w - 88. Let h(b) = 15*b - 643. Let t(s) = 3*h(s) - 22*q(s). Let f(r) = r - 6. Let y be f(-6). Let u be y/2 + (-2 - -1). Give t(u).
0
Suppose -58 + 81 = 30*u - 307. Let g(o) = -o + 7. Give g(u).
-4
Let k(z) = 29*z + 1. Let y(o) be the third derivative of 5*o**4/24 - 75*o**2. Let i(c) = -5*k(c) + 30*y(c). Determine i(5).
20
Let a(r) = 36 + 26 + 5 + r**2 + 15*r - 34 + 27. What is a(-7)?
4
Let x(i) be the third derivative of 7*i**4/24 - 4*i**3/3 - 1019*i**2. Give x(1).
-1
Suppose 4 = 3*o + 4*p - 22, -3*o + 5*p - 19 = 0. Let w(j) be the second derivative of -j**5/20 + j**4/12 - j**3/6 + j**2 - 2*j. What is w(o)?
-4
Let g(b) = -b - 1. Let d(c) be the second derivative of -c**4/12 + 7*c**3/6 + 2*c**2 - 2*c + 58. Let x(h) = -d(h) - g(h). Give x(5).
-8
Let l(b) be the second derivative of -11*b**4/12 - 11*b**3/6 - b**2/2 + 46*b. Let x(f) = -9*f**2 - 9*f. Let t(q) = 4*l(q) - 5*x(q). Let j = -6 - -2. Give t(j).
8
Suppose -146*k - 512 = -74. Let z(j) be the first derivative of -1 + j + 1/2*j**2 + 1/3*j**3. What is z(k)?
7
Suppose 5*x = 5*f + 10, 12 = 3*x + 5*f - 6*f. Let l(p) = -5*p**2 - 33*p + 8. Let q(s) = s**2 + 8*s - 2. Let n(g) = 2*l(g) + 9*q(g). What is n(x)?
3
Let c(w) = -9*w**3 + 19*w**3 - w - 4*w**2 - 16*w**3 - 4*w + 7*w**3 - 12. Determine c(5).
-12
Let v(n) = 36*n - 32*n - n**2 + 3*n**2 - 1. Let t(g) = -2*g**3 - 7*g**2 - 8*g - 7. Let f be t(-2). What is v(f)?
5
Let a(x) = x + 22. Let r be 12 + -67 + 13 + 8. Give a(r).
-12
Let o(w) be the first derivative of 2*w**3/3 - 3*w**2 - 6*w - 2345. What is o(5)?
14
Let x(h) = -h**3 - 14*h**2 - 27*h - 13. Let b = -5138 + 5127. Determine x(b).
-79
Let o(a) = 9*a + 69. Let l be 6*(-2)/(-10 - -14)*17/3. Give o(l).
-84
Let r(h) = h**2 - h. Let i(d) = d**3 - 13*d**2 - 13*d - 12. Suppose 2*x = -0*x + 8. Suppose x*a = 0, 2*a = 3*q - 0*a - 42. Let p be i(q). Give r(p).
2
Let c(w) = 4325*w**2 - 1 - 4327*w**2 + 1 - 4 - 22*w. Give c(-10).
16
Let h(b) = -5*b**2 - 2*b**3 - 5*b**3 - 3*b - 1 + 8*b**3. Let s = -6595 + 6600. What is h(s)?
-16
Let n be 14*((-1)/2)/((-6)/(-12)). Let k(j) = -4*j - 58. Let q be k(n). Let s(v) = -v**3 - 4*v**2 + 2. What is s(q)?
-6
Let a(b) = 20*b**2 + 3*b**2 - 24*b**2 - 409 + 416. Determine a(-4).
-9
Let g(d) = 119*d**2 + 9*d - 49. Let u(w) = 139*w**2 + 8*w - 52. Let n(h) = 7*g(h) - 6*u(h). Give n(13).
-5
Let q(u) = -u**3 - 3*u**2 + 43*u + 165. Let y(g) = -g**2 - g + 14. Let x(b) = -q(b) - 2*y(b). Calculate x(-7).
-4
Suppose 4*b - 78 = -5*x, x + b - 24 = 3*b. Let u(y) = -1 - 42*y + 2 + 7*y + 16*y + x*y. Give u(-2).
3
Let l(v) = 15 + 12*v + 47*v**3 - 19*v**2 + 38*v**3 - 127*v**3 + 40*v**3. Calculate l(-10).
-5
Suppose -5*t = -9*t + 24. Let i be -1*(t/21 - (-2)/(-7)). Let r(d) = 6*d**2 + 3 + d**3 - 5 + 3*d - 11*d + i. Calculate r(-7).
5
Let u(t) = -t**3 + 7*t**2 - 6*t - 1. Let h = -20 + 19. Let z be (-1 - 1)*25/5*h. Suppose z = 3*m + 4*n, 4*n - 3 - 1 = -2*m. Determine u(m).
-1
Let d(f) = 3*f - 7. Let a(m) = -m. Let l(t) = -7*t**2 - 4 - 2*t**2 + 0*t**3 + t**3 + t - 6. Let u be l(9). Let g(r) = u*d(r) - 2*a(r). What is g(7)?
0
Let q(z) = 47*z + 713. Let y be q(-15). Let d(i) = -i**2 + 13*i - 19. What is d(y)?
21
Let w(q) = -23*q + 21. Suppose -52*y = -34*y + 20 + 34. Give w(y).
90
Let u(a) = 11*a + 9. Suppose -4*z - 232 = 25*z. Calculate u(z).
-79
Let k(g) = 89*g**3 + g**2 - 6*g - 2. Let f(v) = -290*v**3 - 5*v**2 + 19*v + 7. Let x(s) = 2*f(s) + 7*k(s). What is x(-1)?
-42
Let t(f) be the first derivative of f**4/4 - 19*f**3/3 + 3*f**2/2 - 20*f + 3203. Calculate t(19).
37
Let y(q) = -q. Let l(h) = -h**2 + 18*h - 36. Let f be l(15). Let c = -7 + f. Suppose -c*w = 4*w + 36. Calculate y(w).
6
Let l(a) = -a**2 - 11. Suppose 49 = 5*g - z + 5*z, -3*g - 5*z = -19. Suppose 10*k + g*k = 33*k. Give l(k).
-11
Let y = -16 - -19. Suppose y*f = 8*f - 80. Let r(a) = -a**3 + 8*a + 4*a + 0*a - f + 10*a**2. Give r(11).
-5
Let r(l) = -10442*l + 73100. Let q be r(7). Let v(z) = 2*z + z**3 + 12 - 7*z**2 + 3*z + 0*z**3. What is v(q)?
6
Let d(s) = -s**2 + 5*s + 2. Let f be -5 + (195 + 4)*1. Suppose 13*h = -f - 456. Let z = -44 - h. Determine d(z).
-4
Suppose 36 = -12*h + 3*h. Let b(o) = -9*o + 7. Let r(f) = f - 1. Let z(t) = b(t) + 5*r(t). Let u(s) = 4*s - 2. Let x(m) = 4*u(m) + 3*z(m). What is x(h)?
-18
Suppose 190*l - 603 = 181*l. Let s = 64 - l. Let i(n) = -2*n - 7. Give i(s).
-1
Let u be ((-1336)/30 + (-2)/(-10))*3. Let b = -132 - u. Let j(h) = 6*h - 3. Let n(g) = -7*g + 4. Let p(y) = -3*j(y) - 2*n(y). Calculate p(b).
-3
Let v(z) = -17*z - 16. Let m(t) = t**2 + 26*t - 1438. Let k be m(-53). What is v(k)?
103
Let g(f) = 9*f + 5 + 2*f**3 + 5 + 9*f**2 - f**3. Let y = 2818 - 2826. What is g(y)?
2
Let d(w) = -w**3 - 4*w**2 - 3*w + 2. Let q = 394 - 43. Suppose q = -9*o + 36. Let i be 1/1*5/(o/21). Determine d(i).
2
Let o(p) be the third derivative of -p**5/20 + 3*p**4/8 - p**3 + 1582*p**2. Determine o(3).
-6
Let g(k) = -5*k + 19. Let x(b) be the second derivative of -b**3/3 + b**2 + 25*b + 2. Let z(o) = g(o) - 2*x(o). What is z(0)?
15
Let i(w) = w - 2. Let d(u) = -11*u + 61. Let j be d(5). Let m(n) = -2*n + 6. Let o be m(j). What is i(o)?
-8
Let i(z) = -z**3 - 16*z**2 - 15*z + 6. Let w be i(-15). Suppose 13 = w*n - 35. Suppose -5*u + 4*o = 27 - 5, o + n = -u. Let g(p) = p + 7. Determine g(u).
1
Let b be (-2 + (-5)/(-3))/(-1) + (-2850)/(-225). Let u(g) be the second derivative of 1/2*g**2 + 11/6*g**3 + 0 + b*g. Determine u(1).
12
Let u be (12/15)/((-8)/60). Let i = 12 + u. Let h(v) = -337*v - 11 + 175*v + 163*v. What is h(i)?
-5
Let a be (-68)/(-10) - ((-534)/(-30) - 17). Let p be (-240)/39 - a/(-39). Let l(x) = -5*x - 28. Determine l(p).
2
Suppose 4*c + 3 = -45. Let n(q) be the third derivative of q**5/60 + q**4/2 + q**3/2 - q**2 + 197*q. Calculate n(c).
3
Let f(l) be the third derivative of l**5/60 - 3*l**4/8 + 5*l**3/6 - 3*l**2. Let w = -9200 + 9209. What is f(w)?
5
Let w = -5553 - -5560. Let b(q) = q**3 - 7*q**2 + 2*q + 11. What is b(w)?
25
Let p be (52/(-90) - (-18)/(-81))/((-512)/(-6400)). Let d(t) = -2*t**2 - 31*t - 104. Determine d(p).
6
Let x(b) be the first derivative of b**5/40 - b**4/12 - 2*b**3/3 + 6*b**2 + 11. Let l(q) be the third derivative of x(q). Determine l(3).
7
Let x(y) = -10*y**3 - 10*y**2 - 7*y + 29. Let r(s) = -8*s**3 - 11*s**2 - 7*s + 15. Let z(w) = -4*r(w) + 3*x(w). Give z(-7).
-22
Let w(h) be the first derivative of 3*h**2/2 - 3*h - 397. Suppose -2*c = 3*c - 65. Suppose 4*n = c + 7. Calculate w(n).
12
Let u = 580 + -582. Let i(h) be the third derivative of -h**5/30 + h**4/24 - h**3/6 - 30*h**2 - 3*h. Calculate i(u).
-11
Let k(p) = p - 21. Let o(i) = -i**3 + 29*i**2 - 18*i + 1438. Let c be o(30). Let s(x) = -1 + 6 - 3. Let m(l) = c*k(l) - 22*s(l). Determine m(5).
-12
Let k(o) = -27*o**2. Suppose s + 11 - 27 = 0. Let r(z) = -z + 17. Let x be r(s). What is k(x)?
-27
Let y(d) be the first derivative of -d**3/3 - 21*d**2/2 + 26*d - 2703. What is y(-22)?
4
Let s(y) = -55*y + 4. Let o(w) = -333*w + 28. Let l(g) = 2*o(g) - 13*s(g). What is l(-1)?
-45
Let h(m) = m**2 + 6*m. Let c(d) = d**3 + d**2 - 42*d - 7. Let t be c(6). Calculate h(t).
7
Let r(m) = 4*m - 8. Let z(n) = 7*n - 14. Let v(b) = -5*r(b) + 3*z(b). What is v(-8)?
-10
Let s(v) be the second derivative of v**5/20 + 7*v**4/12 + 5*v**3/6 + 4*v**2 - 67*v. Calculate s(-6).
14
Suppose 4*b - 4 = -4*f, 0 = -f + b + b + 16. Let s be 0 + -1 + f + 1. Suppose s*t + 18 = -0*t. Let c(x) = x**3 + 4*x**2 + 5*x + 2. Calculate c(t).
-4
Let f(q) = -5*q**3 - 16*q**2 - 42*q + 3. Let i(u) = 12*u**3 + 31*u**2 + 89*u - 5. Let n(o) = -5*f(o) - 2*i(o). What is n(-16)?
-5
Let a(k) = -k**3 + k + 3. Let o(h) = h**2 - 7*h + 15. Let q be o(2). Suppose 10*w = 13*w + q*x - 20, -4*x = -16. Determine a(w).
3
Let r(y) = -39*y - 3245. Let g be r(-84). Let o(a) = -19*a + 597. Calculate o(g).
8
Let h(z) = -6 - 8*z + 5*z**2 + 881*z**3 - 879*z**3 + 3*z - 31*z**2. Calculate h(13).
-71
Suppose -2*c - 27 = 4*j + 9, 0 = -3*c - 5*j - 48. Let y(k) = 62*k + 389. Determine y(c).
17
Let m = -4 - -15. Let y(f) be the